29 = -5*j. Give z(j).
6
Let o(t) = -t**2 + t - 5. Let f be 1 + (-1 + 1)/(-1). Let u be (-1)/(((-2)/2)/f). Let m be 0/(2/(-1) + u). Give o(m).
-5
Let v(k) = 6*k + 2*k**2 - 18*k + 14*k. Give v(2).
12
Let x(j) = j**2 + 6*j + 3. Suppose 16 = 3*s - 2. Let u = s - 5. Suppose 2*w + u = -7. What is x(w)?
-5
Let f(l) = 8 + 32*l - 64*l - l**3 + 25*l + 7*l**2. Calculate f(6).
2
Let t(l) = l**3 - 4*l**2 + 2*l + 2. Let k be ((-10)/(-6))/((-2)/(-12)). Suppose -6 = 7*o - k*o. What is t(o)?
-2
Let r(v) = -v**2. Let i = 7 + -10. What is r(i)?
-9
Let r(b) be the first derivative of -b**3/3 - 3*b**2 + 6. What is r(-6)?
0
Suppose -3*b - 4 = -d, -5*d - 3*b + 0 = -2. Let a(n) = n + 4*n + 1 + 0. What is a(d)?
6
Let g be 18/(-4) - (-2)/4. Let v(j) be the first derivative of -j**3/3 - 2*j**2 + 4*j + 5. What is v(g)?
4
Let g be 11/(-4) + (-1)/4. Let a(z) be the second derivative of 0*z**3 - 1/3*z**4 - 1/20*z**5 - 4*z + 0 + z**2. Give a(g).
-7
Let c = -26 + 47. Let m(o) = 19*o - c*o - 2 + 0. Determine m(-3).
4
Let u(o) = 6*o**3. Suppose v - 2 - 2 = 0. Let t be ((-1)/v)/((-1)/4). What is u(t)?
6
Let t(l) be the third derivative of l**6/120 - l**5/60 + l**3/6 - 20*l**2. What is t(0)?
1
Let w(b) = b + 9. Let t(z) = z**3 + 4*z**2 + 2*z + 1. Let v be t(-4). Let o be w(v). Let x(a) = 2*a**o + 0*a**2 - a - 2*a + 0*a. Give x(2).
2
Let f(j) = 2*j - 4*j - 2*j - 2 + 3*j. Determine f(0).
-2
Suppose 3*b = n - 4, -3*b + 7 + 5 = 3*n. Suppose 3*v = 2*v. Let i(k) = v*k - 2 - k + 6. Calculate i(n).
0
Let n = 4 - -1. Let w(d) = d**3 - 5*d**2 + d - 5. Calculate w(n).
0
Let i(h) be the second derivative of -h**8/6720 + h**7/840 - h**6/360 - h**5/120 + h**4/6 - 2*h. Let d(u) be the third derivative of i(u). What is d(2)?
-1
Let j(p) = p**2 + 7*p - 2. Let u(o) = o**2 + 6*o - 2. Let t(q) = -3*j(q) + 2*u(q). Let i be t(-9). Let v(y) = -3*y + 4 - 3 + 4*y - 7*y**i. Determine v(-1).
-7
Let q(v) = v**2 - 3*v. Suppose 2*h - 18 = -0*h. Let o be (1 + -6)*h/(-15). What is q(o)?
0
Let c(q) be the third derivative of -5/24*q**4 - 1/60*q**5 + 2/3*q**3 + 0*q + q**2 + 0. Calculate c(-5).
4
Let s(p) be the third derivative of -p**4/8 + p**3/6 + 4*p**2. Give s(5).
-14
Let d = -5 - -9. Suppose -4*o + 16 + d = 0. Let i(v) = -v - 8. Let t(j) = j. Let w(k) = i(k) + 2*t(k). Calculate w(o).
-3
Let b(c) = -c**2 - 5*c**2 + c**2 - 6*c + c**2 + 6. Let v(y) = y**2. Let x(o) = b(o) + 5*v(o). Calculate x(4).
-2
Let h = -1 + 2. Let f(n) = 2 + h - 4 + 2*n - 6*n**2. Calculate f(1).
-5
Let s(r) = 3*r - 2. Suppose -16 = -4*u, -4*b + 2*u + 4 = -0*u. Calculate s(b).
7
Let t(v) be the second derivative of -1/3*v**3 + 0 - v - 3/2*v**2 + 1/12*v**4. Let z = 6 + -3. Give t(z).
0
Suppose -3*l + 7 = v, 3*v - 5*l = 8*v - 15. Let r(i) = 2 - 1 + i + 3 - 3. Determine r(v).
2
Let x(b) = b**3 - 7*b**2 + 6*b - 4. Let d be 39/5 - 3 - (-1)/5. Give x(d).
-24
Let h(p) be the second derivative of -3/2*p**2 + 1/20*p**5 - 2/3*p**4 + 7/6*p**3 - 6*p + 0. Calculate h(7).
-3
Let k = 1 - 1. Let t(l) = -l**3 + l**2 - 4*l - 8. Suppose o - 4 = 1. Let j(u) = -u**3 + u**2 - 5*u - 9. Let n(a) = o*t(a) - 4*j(a). Calculate n(k).
-4
Suppose 0*g + 4*g + 4 = 0. Let y = 2 - g. Let j(q) = 2*q**y - 6*q - q**3 - 4*q**2 + 8*q**2 + 2. Determine j(-5).
7
Suppose -3*s = 5*o - 16, 2*s - 5*o = -9 + 3. Let a(c) = -c - 2. Determine a(s).
-4
Let b(m) = 4 + 1 - 2*m + m - 4. Let t = 7 + -6. Give b(t).
0
Let v be 6/10 - 46/10. Let s(r) = -2 - 1 + 0 - 507*r + 504*r. What is s(v)?
9
Let j(q) = q**3 + q**2 - 1. Let f(a) = 3*a**3 - 2*a - 7. Let m be ((-3)/2)/((-6)/(-16)). Let d(y) = m*j(y) + f(y). Determine d(-3).
-6
Let s(q) be the first derivative of -q**3/3 + 7*q**2/2 - 4*q + 7. Calculate s(5).
6
Let v be 3/9*(-18)/(-2). Let c(k) = -5*k + 5*k + k - 1. What is c(v)?
2
Let d(i) = -9*i**3 + 0*i**2 - 4*i**2 + 3*i + 10*i**3 + 0*i**2 - 1. What is d(4)?
11
Let g(h) = 1 - h**2 + 0*h - 7*h - h + 6*h. What is g(-5)?
-14
Suppose 5*u = -7 + 17. Let j(x) = -x + 0 + 2*x**3 - 4 + u - 2*x**2. Let s(k) = -k**3 + 2*k**2 + 2. Let r be s(2). What is j(r)?
4
Let a(w) = -6*w. Suppose 7 = 5*u + 2. Calculate a(u).
-6
Let n(t) = -t + 1 + 0 + 2*t. Let o = 19 + -3. Suppose 5*x + o = -3*c, 3*x + 25 = -2*x. Calculate n(c).
4
Let f be 8/52 - 80/13. Let b(k) = -6*k - 2. Let h(r) = r + 1. Let t(u) = b(u) + 5*h(u). Calculate t(f).
9
Let w(y) be the third derivative of y**9/60480 + y**8/20160 - y**7/5040 - 3*y**5/20 + 3*y**2. Let a(q) be the third derivative of w(q). Determine a(-2).
-2
Let b be (-54)/14 - (-4)/(-28). Let g(d) = -d + 4. Give g(b).
8
Let t(h) = 8*h**2 - 3*h + 1. Let k(p) = -2*p - 12. Let y be k(-7). Determine t(y).
27
Suppose 1 = -3*j + 3*k - 23, 0 = -4*j - k - 17. Let a = j + 4. Let m(c) = -2*c - 1. What is m(a)?
1
Let n be 3/(2/((-12)/9)). Let t(s) be the second derivative of -s**3/6 + s. What is t(n)?
2
Suppose -3*x - 6 = 3*c, -2*c - x = -0*c. Suppose 2*o - 12 = 3*w, 0 = -o + w + 2 + 3. Let a(i) = -3*i**2 - 3 + 3*i + 2*i - i**o + 2*i**3 - 2*i. What is a(c)?
-1
Suppose -5*q - 2*m = -10, 5*q + 0*m = -m + 10. Let v(z) = z**3 - 3*z**2 - 2*z. What is v(q)?
-8
Let t(r) be the first derivative of -1 + 3*r**2 + 5*r - 1/3*r**3. Determine t(5).
10
Let o be 1/((2/10)/(-1)). Let x(j) = -2*j - 1. Give x(o).
9
Suppose -3*f - 2*s = 2*s - 12, 2*s = 3*f - 12. Suppose 3*g = -f*c - g + 20, 0 = -g + 5. Let o(r) = -r - 6. Calculate o(c).
-6
Let x(n) = -7*n**2. Suppose -u - 4 = 4*f - 9*f, 0 = 3*f + 4*u - 7. Give x(f).
-7
Let g(z) be the third derivative of 1/24*z**4 - 4*z**2 - 1/120*z**6 - 1/2*z**3 + 0 + 1/15*z**5 + 0*z. What is g(4)?
1
Let r(a) = -2*a - 1 + 2*a**3 + 3*a - a**3. Determine r(0).
-1
Let j be (-56)/9 + (-42)/(-189). Let z(n) = 3*n + 5. Determine z(j).
-13
Let h(o) be the first derivative of -o**4/4 - 2*o**3 - 3*o**2/2 - 2*o - 21. Calculate h(-6).
16
Let w(t) = t**2 + 5*t + 4. Suppose 4*y = 31 - 11. Let x = -6 + -3. Let m = x + y. Determine w(m).
0
Let q(i) = -i**2 + 3*i + 2. Let l be 2*4/24*-9. Let f(b) = -2*b**2 + 4*b + 2. Let u(c) = l*q(c) + 2*f(c). What is u(-2)?
-4
Let p(v) = 20*v**2 + 3. Let y(j) = 13*j**2 + 2. Let m(c) = 5*p(c) - 7*y(c). Let l = -193 + 192. What is m(l)?
10
Let h(y) = -y**2 + 0*y + 6 + 7*y - 7*y + 6*y. Give h(8).
-10
Let i = 89/4 + -22. Let j(f) be the first derivative of 2 - 4/3*f**3 + i*f**4 + f**2 - f. Calculate j(4).
7
Let t(v) = v**3 - 9*v**2 + 6*v + 7. Suppose -4*j - 7*j + 88 = 0. What is t(j)?
-9
Let l(m) = -6*m**2 - 10*m + 8. Let x(r) = -3*r**2 - r + 2. Let q(h) = 13*h**2 + 4*h - 9. Let o(z) = 2*q(z) + 9*x(z). Let b(a) = -l(a) + 5*o(a). Give b(-7).
6
Let n(h) be the third derivative of -h**6/120 + h**5/12 - h**4/12 - 5*h**3/6 + 3*h**2. Suppose -2*c - 4*g = -3 + 11, 0 = -g - 4. What is n(c)?
3
Let g(y) = y**2 + 6*y - 9. Let r be (7/2)/((-6)/(-2 + 14)). Give g(r).
-2
Let n(z) = z**3 - z + 1. Let u = -7 + 11. Suppose -u*d + 20 + 10 = -2*b, 0 = 4*d - b - 27. Let v be -1 - (-9)/d*2. Determine n(v).
7
Let y = -58 + 54. Let g(x) = -3*x - 6. Give g(y).
6
Let n(v) = -v**3 + 7*v**2 + 7*v + 1. Let x be n(8). Let i(r) = r + 7. What is i(x)?
0
Let x be 9/(-6)*(-8)/(-12)*3. Let n(b) = 2*b + 1. Determine n(x).
-5
Let n(v) = 3*v + 1. Let c(z) = -13*z - 3. Let b(o) = 2*c(o) + 9*n(o). Give b(0).
3
Let u(n) be the third derivative of -n**6/120 + n**5/15 + n**4/24 + n**3/2 + n**2. Let x(c) = c + 7. Let t be x(-3). Determine u(t).
7
Let w(g) = 8*g - 5. Let p(n) = -7*n + 5. Let d(x) = 6*p(x) + 5*w(x). Determine d(-4).
13
Let r(q) be the first derivative of q**4/24 - q**3/6 + q**2/2 + 1. Let o(v) be the second derivative of r(v). Calculate o(0).
-1
Let o(d) = -2*d**2 + 10*d - 3. Let q be o(5). Let u(x) = x**3 + 4*x**2 + 5*x + 3. What is u(q)?
-3
Let h(i) = -i - 2. Let y be h(-4). Let u(g) = 8*g**2 - g**3 - 3*g**2 + 6 - y*g + g. Determine u(5).
1
Suppose -4*k = -5*x - 2 - 5, -4*k = 3*x - 15. Let h = -1 + x. Let o(n) = -n + 1. What is o(h)?
1
Let v(x) be the second derivative of -1/30*x**5 + 1/24*x**4 + 0*x**3 - x**2 - 3*x + 1/12*x**6 + 0. Let w(t) be the first derivative of v(t). What is w(1)?
9
Let w(c) be the first derivative of -c**2 + 4*c + 6. Calculate w(-4).
12
Let p(f) be the first derivative of -f**4/4 + 7*f**3/3 - 7*f**2/2 - f + 2. What is p(5)?
14
Let a(s) = -3*s**3 + 2*s**2 - 2*s - 6. Let y(j) = -2*j**3 + j**2 - j - 3. Let n(k) = -3*a(k) + 5*y(k). Let z = 0 - 0. Give n(z).
3
Suppos